 5*c + 12. Let o be w(-3). Let h(k) = k**3 + 4*k**2 - 3*k - 4. What is the tens digit of h(o)?
1
Let o(i) = 4*i**2 + 2*i - 1. Let u(c) = c**2 - 3. Let p be u(0). Let r be o(p). Suppose -w - r = 3*t - 5*t, -5*t - w = -69. What is the units digit of t?
4
Suppose -297 = -9*a + 495. What is the tens digit of a?
8
Suppose -5*q - 4*p - 4 = 0, -2*q + 4*p + 4 = -4*q. Suppose -l - 2*j = q, 12 = l - 0*j - j. Let m(r) = 3*r - 7. What is the units digit of m(l)?
7
Let y(r) = -6*r - 80. Let m be y(10). What is the tens digit of ((-50)/(-4))/1*(-896)/m?
8
Suppose a - 30 + 2 = 0. Suppose -a = c - 5*c. What is the units digit of c?
7
Suppose s = -4*f - s + 7928, 6*s - 1982 = -f. What is the hundreds digit of f?
9
Suppose 5*u - 4*q - 2310 = 2*u, 5*q = 0. What is the hundreds digit of u?
7
Let d be 0/(-17) + 6/2. Suppose -4*t = d*w - 507, 4*t - t - w = 390. What is the units digit of t?
9
What is the tens digit of (-1)/(1*6/(-1926))?
2
Let o(s) = -s**3 + 3*s**2 + 1. Let r be o(3). What is the tens digit of (-2 + 8)/(r/13)?
7
Let t(l) = -3*l**3 + 12*l**2 - 7*l + 4. Let g(c) = -4*c**3 + 13*c**2 - 7*c + 4. Let u(s) = 4*g(s) - 5*t(s). What is the units digit of u(-9)?
4
Suppose 3*q + 15 = 4*q. Let c be -1 - -5 - (2 - -2). Suppose 18*a - q*a - 87 = c. What is the units digit of a?
9
Suppose -s - 6 = s. Let t be (-2 + 5)/(s/2). What is the units digit of (16/(-12))/(t/33)?
2
Suppose 141 = -3*i + 4*i. Let y be (-190)/(-45) + 12/(-54). Suppose y*l + 4*j = -j + i, l = -3*j + 30. What is the tens digit of l?
3
What is the tens digit of 39/39*683*4?
3
Let c = 60 + -32. Suppose -26*m = -c*m + 102. What is the units digit of m?
1
Suppose 0 = -2*v + g + 268, 5*v = -0*g + 4*g + 676. Let b = v - 58. What is the tens digit of b?
7
Let h(x) = 2*x**3 + 2*x**2 - 3*x + 2. Let s be h(3). Let w be 10/3*78/s. Let b = 21 + w. What is the units digit of b?
5
Let z = 61 - 67. Let p(m) = m + 2. Let k be p(-2). What is the tens digit of (k - z)*(-80)/(-30)?
1
Suppose 0*o - 5*l + 48 = o, -3*l = -4*o + 123. Let k be 4/(-6) + 1573/o. Suppose 2*d - k = 13. What is the tens digit of d?
3
Let k(u) = u**3 - 3*u**2 - 8*u + 6. Let z be k(5). Let v = -14 + z. Suppose -114 = -v*g + 8. What is the units digit of g?
1
Let c = 1563 - 1206. What is the hundreds digit of c?
3
Let f = -105 - -87. Let o = f - -40. What is the tens digit of o?
2
Let a = -2 - 5. Let t be (-18)/4*-3*(-6)/27. Let v = t - a. What is the units digit of v?
4
Let d = 132 - 70. Suppose 3*o + 2*z = d, -2*z = 3*z - 20. What is the tens digit of o?
1
Let z(b) = b**3 + 30*b**2 + 5*b + 37. What is the units digit of z(-27)?
9
Let n(u) = u**3 + 9*u**2 + 7*u - 15. Let s be n(-8). Let r(o) = o**3 + 11*o**2 + 9*o - 15. What is the hundreds digit of r(s)?
1
Suppose -3*r + 28 = -2*l, 3*l + 5*r + 93 = 32. Let n = -15 - l. Suppose 4*h + n*g + 0*g - 230 = 0, 3*g - 225 = -4*h. What is the units digit of h?
0
Let t(s) = 2 - 22*s + 10*s + 11*s. Let l be t(3). What is the units digit of 6/(l + (-15)/(-6))?
4
Let h(r) = -r**3 + 6*r**2 - 6*r + 2. Let k be h(5). Let p be (1/k)/((-1)/417). Suppose q + d = -d + 40, -4*q + p = d. What is the units digit of q?
4
Let o(y) = y**3 + 16*y**2 - 12*y + 13. What is the hundreds digit of o(-9)?
6
Suppose 0 = -2*z - 2, l + 3*l = -4*z - 4. Let o(u) = -u**2 + 15. Let n be o(l). Let p = n - 7. What is the units digit of p?
8
Let o be -3*4/6 - 303. Let c = -133 - o. Suppose -4*s + c = -0*s. What is the units digit of s?
3
Let j = -6 + 8. Suppose -j*w - 2 = -0*w, 3*d + 5*w = 1. Let q = 8 + d. What is the tens digit of q?
1
Let r be 91/(-3) - (-3)/9. Let f be ((-8)/(-10))/((-6)/r). What is the tens digit of f/6 + (-605)/(-33)?
1
Suppose 5*x - 10 = 5*k, -5*x - k = 4*k - 30. Suppose -l = x*l - 815. What is the tens digit of l?
6
Suppose 12*s = 50*s - 43244. What is the units digit of s?
8
Let z be (4 - 8)*1*-110. Suppose -v + z = -5*v. Let y = -66 - v. What is the tens digit of y?
4
Suppose 2*v = -v + 216. Suppose -v = -3*a + 18. Let z = a + -16. What is the units digit of z?
4
Let f(x) = -7*x**2 - x - 4. Let h be f(3). Let o be (-4)/(-14) - h/98. Suppose d - o - 16 = 0. What is the units digit of d?
7
Let f(p) = -p**2 - 3*p + 0*p + 13*p - 10. Let g(r) = 3*r**2 + 17*r + 2. Let z be g(-6). What is the units digit of f(z)?
6
Let h(u) = u + 5. Suppose 2*p + 20 = -3*t + 3, 13 = -3*t - p. Let o be h(t). Suppose o*v - 290 = -3*v. What is the tens digit of v?
5
Suppose -3*d = -8*i + 5*i + 2151, -2146 = -3*i - 2*d. What is the tens digit of i?
1
Suppose -4*k - 2*n = -5940, 52*n + 4441 = 3*k + 50*n. What is the units digit of k?
3
Let t = -37 + 38. What is the units digit of (-85 + 27)/(t*(-1)/2)?
6
Suppose -4 = -2*v, -j = -v - v + 4. Suppose 4*p = -2*g + 280, -p + j*p = g - 68. What is the tens digit of 736/p - 2/9?
1
Suppose -n + 2 = -5*r + 9, 4*r - 4*n + 4 = 0. Suppose -5*f + 205 - 10 = g, -382 = -2*g - r*f. What is the units digit of g?
0
Let d be ((-12)/14)/((-6)/1386). Let n = d - 107. What is the tens digit of n?
9
Let c(w) = -3*w**2 - 2*w + 1. Let j be c(-3). What is the units digit of 12*-2*j/6 + 0?
0
Suppose 4*w + 8 = 6*w. Suppose 5*v - o - 161 = 0, -v - 2*v = -w*o - 83. What is the units digit of v?
3
Let v(o) = -o**3 + 12*o**2 + 11*o - 18. Let p be v(12). Suppose -8*a = -6*a - p. What is the tens digit of a?
5
Let v = -362 + 2129. What is the units digit of v?
7
Let t(z) = z**2 - 27*z + 54. Let k be t(25). Suppose -5*a + 25 = 4*y - 9*y, 5*a = -2*y + 46. Let m = a + k. What is the units digit of m?
2
Let n = -85 + 419. What is the hundreds digit of n?
3
Suppose 186 = 4*b + 2*u, -b = b - 2*u - 84. Let o be (-140)/18 + (-10)/b. Let l = o + 33. What is the tens digit of l?
2
Let q = -15 + 9. Let d = 10 + q. Suppose -d*b + 5*a - 50 = -7*b, 0 = -3*b - 3*a + 60. What is the units digit of b?
5
Suppose -3*y + h - 31 = -91, 0 = 4*y + 4*h - 64. Suppose d - y - 1 = 0. What is the units digit of d?
0
Let k = 37 + 10. Let i = k + -27. Let x = i + -11. What is the units digit of x?
9
Suppose -24 = 6*p - 678. Suppose -7*x + 760 = p. What is the units digit of x?
3
Suppose 3*f + 2*f - 3739 = -4*b, 3*f = -3*b + 2241. What is the hundreds digit of f?
7
What is the hundreds digit of 6604/(-2)*(-111)/222?
6
Suppose 72*q + 2*g + 3416 = 76*q, 4*q + 4*g - 3416 = 0. What is the units digit of q?
4
Let g(h) = 15*h - 33. Let v be g(7). Suppose z = v - 24. What is the tens digit of z?
4
Let h(t) = t**3 + t**2 - 8*t + 1. Suppose 30 = 3*k + v + 3*v, 2*v = 4*k - 18. What is the hundreds digit of h(k)?
2
Suppose 4*d + 20 = 3*d. Let b(l) = -2*l - 58. Let z be b(-22). Let f = z - d. What is the units digit of f?
6
Suppose 100 = 2*g - 150. Let j = g - 70. What is the tens digit of j?
5
Let z be (6/(-15))/(5/125). Let i(o) = -o**2 - 10*o + 6. Let p be i(z). Suppose -32 - 28 = -p*y. What is the units digit of y?
0
Let m(w) = -8*w + 1. Let p be m(-2). Let v = p + -12. Let t = 29 - v. What is the units digit of t?
4
Suppose -w + 2*w - 3 = 0. Suppose -2*d - 4 = -w*d. Suppose d*q = -29 + 153. What is the units digit of q?
1
Suppose -4*g - 4*m = -12, -4 = 5*g - m - 43. Suppose g*l - 243 - 191 = 0. What is the units digit of l?
2
Let o(u) = 3*u**3 - 3*u**2 + 2*u - 1. Suppose -5*t + 4*t + 2 = 0. Let q be o(t). Suppose 0 = -2*c + c + q. What is the units digit of c?
5
Suppose -a - 5*r = -2*r - 6, a - 2 = -r. Suppose 3*k + 2*x = -146, a = 4*k - 2*k - 2*x + 94. Let w = -9 - k. What is the tens digit of w?
3
Suppose 27*g - 19*g = 880. What is the hundreds digit of g?
1
Let s(q) = q**3 + 12*q**2 - 23*q. Let w(u) = -u**2 + 5*u + 11. Let z be w(8). What is the tens digit of s(z)?
3
Let c(n) = n**3 - n**2 - 6*n - 19. What is the units digit of c(8)?
1
Suppose -3*u + 2*m - 354 = 0, -u + 4*m - 588 = 4*u. What is the tens digit of (u/14)/((-3)/21)?
6
Let s = 70 - 27. Let n = 12 + s. Suppose -n = -4*l - 19. What is the units digit of l?
9
Let h = 3 - 3. Let f be -1*(-2 + 2 - h). What is the units digit of -2 - f - 189/(-7)?
5
Suppose 3*y - 1108 = 2*u, 755 = 2*y + 2*u + 23. What is the hundreds digit of y?
3
Let i(w) be the third derivative of 0 + 11/6*w**3 - 6*w**2 + 0*w + 1/24*w**4. What is the tens digit of i(0)?
1
Let h = -259 + 611. What is the hundreds digit of h?
3
Let z be (2 - 0)/((-2)/(-2)). Suppose 2*d = r + 2*r - z, 3*r = -d + 8. Suppose 3*j - 4*i = d + 110, 